{"version":"1.0","provider_name":"The Men of the U-869","provider_url":"https:\/\/www.u869.com\/de\/","author_name":"howarde","author_url":"https:\/\/www.u869.com\/de\/author\/howarde\/","title":"Franz Nedel - The Men of the U-869","type":"rich","width":600,"height":338,"html":"<blockquote class=\"wp-embedded-content\" data-secret=\"gA10ubXJvL\"><a href=\"https:\/\/www.u869.com\/de\/crew\/franz-nedel\/\">Franz Nedel<\/a><\/blockquote><iframe sandbox=\"allow-scripts\" security=\"restricted\" src=\"https:\/\/www.u869.com\/de\/crew\/franz-nedel\/embed\/#?secret=gA10ubXJvL\" width=\"600\" height=\"338\" title=\"&#8222;Franz Nedel&#8220; &#8211; The Men of the U-869\" data-secret=\"gA10ubXJvL\" frameborder=\"0\" marginwidth=\"0\" marginheight=\"0\" scrolling=\"no\" class=\"wp-embedded-content\"><\/iframe><script>\n\/*! This file is auto-generated *\/\n!function(d,l){\"use strict\";l.querySelector&&d.addEventListener&&\"undefined\"!=typeof URL&&(d.wp=d.wp||{},d.wp.receiveEmbedMessage||(d.wp.receiveEmbedMessage=function(e){var t=e.data;if((t||t.secret||t.message||t.value)&&!\/[^a-zA-Z0-9]\/.test(t.secret)){for(var s,r,n,a=l.querySelectorAll('iframe[data-secret=\"'+t.secret+'\"]'),o=l.querySelectorAll('blockquote[data-secret=\"'+t.secret+'\"]'),c=new RegExp(\"^https?:$\",\"i\"),i=0;i<o.length;i++)o[i].style.display=\"none\";for(i=0;i<a.length;i++)s=a[i],e.source===s.contentWindow&&(s.removeAttribute(\"style\"),\"height\"===t.message?(1e3<(r=parseInt(t.value,10))?r=1e3:~~r<200&&(r=200),s.height=r):\"link\"===t.message&&(r=new URL(s.getAttribute(\"src\")),n=new URL(t.value),c.test(n.protocol))&&n.host===r.host&&l.activeElement===s&&(d.top.location.href=t.value))}},d.addEventListener(\"message\",d.wp.receiveEmbedMessage,!1),l.addEventListener(\"DOMContentLoaded\",function(){for(var e,t,s=l.querySelectorAll(\"iframe.wp-embedded-content\"),r=0;r<s.length;r++)(t=(e=s[r]).getAttribute(\"data-secret\"))||(t=Math.random().toString(36).substring(2,12),e.src+=\"#?secret=\"+t,e.setAttribute(\"data-secret\",t)),e.contentWindow.postMessage({message:\"ready\",secret:t},\"*\")},!1)))}(window,document);\n\/\/# sourceURL=https:\/\/www.u869.com\/wp-includes\/js\/wp-embed.min.js\n<\/script>\n","thumbnail_url":"https:\/\/www.u869.com\/wp-content\/uploads\/2026\/08\/Franz-Nedel.webp","thumbnail_width":300,"thumbnail_height":360,"description":"Franz Nedel &#8211; Matrose 1. Klasse Franz Nedel wurde am 22. August 1924 in der Kreisstadt Greifenhagen an der Oder in Pommern geboren. Seine Eltern hie\u00dfen Karl Nedel und Martha, geb. Woerfel. Die Mutter war am 28. Januar 1899 geboren. Sie war sehr h\u00fcbsch, mittelgro\u00df und hatte schwarzes Haar. Der Vater war 1897 geboren. Er [&hellip;]"}

Franz Nedel &#8211; Matrose 1. Klasse Franz Nedel wurde am 22. August 1924 in der Kreisstadt Greifenhagen an der Oder in Pommern geboren. Seine Eltern hießen Karl Nedel und Martha, geb. Woerfel. Die Mutter war am 28. Januar 1899 geboren. Sie war sehr hübsch, mittelgroß und hatte schwarzes Haar. Der Vater war 1897 geboren. Er [&hellip;]
